number?
True
Suppose 3*g = -3*n + 196 + 110, -n + 2*g + 87 = 0. Is n a composite number?
False
Let h(u) = -u**3 + 8*u**2 + 8*u + 10. Let m be h(9). Is (-47)/(m*(-2)/2) prime?
True
Let o(y) = y - 6. Let h be o(11). Suppose -3*u = -4 - h, -4*n - 5*u + 51 = 0. Is n a composite number?
True
Let q(b) = -b**3 + 15*b**2 - 19*b - 17. Is q(9) a composite number?
True
Is 583*((-2 - (2 - 3)) + 2) prime?
False
Let n(x) = x**3 - 5*x**2 - 2*x + 3. Let k be n(6). Let f = 24 + k. Is f prime?
False
Suppose 3 = t, 2*t = -5*j - 0*t + 86. Let q be (-1 - -3) + j/(-2). Let z(m) = -5*m + 7. Is z(q) a prime number?
True
Let s(q) = -q**3 - 7*q**2 - 7*q - 9. Let j be s(-6). Let h = j + 5. Suppose -5*g - 3*v - v = -63, -g + h*v = -7. Is g a composite number?
False
Let c = 79 - -70. Is c composite?
False
Let s(u) = -u + 2. Let a be 4/(-3)*(-36)/8. Let d be s(a). Let x(o) = o**3 + 5*o**2 - 1. Is x(d) a composite number?
True
Let k = 743 - -158. Is k prime?
False
Suppose 0 = 2*h - h + 3*z + 25, -z - 125 = 5*h. Let l = 51 + h. Is l a prime number?
False
Is (3/(-2))/(-1 + (-852)/(-856)) prime?
False
Suppose 3*k + c = 13, 4*k = 4*c - c. Suppose -2*g + 5*h + 3375 = k*g, 5*g = 4*h + 3373. Is g prime?
True
Let j(s) = -2*s + 14. Let h be j(10). Is ((-21)/h)/(1/134) a prime number?
False
Suppose 2*b + 4 = 6*b. Let x be (2 + 4/(-2))/b. Is x + 26*2/4 prime?
True
Suppose 4*y - 8 = 4. Suppose -y*d + 0*d + 609 = 0. Is d a prime number?
False
Suppose 0 = 3*w + 4*n - 13, 3*w = 6*w + 2*n - 17. Let t(r) = 7*r + 4. Is t(w) prime?
True
Let q(b) = 44*b + 7. Is q(2) a composite number?
True
Suppose 2*z - 18 = 20. Suppose -12 = 3*p, 2*w + 3*p - 69 = -z. Is w a prime number?
True
Let j(i) = i + 4. Let y be j(-3). Let c be 1*-2 - (-5 + y). Suppose c*t + 12 - 50 = 0. Is t composite?
False
Let i = 7 + -4. Suppose -5*g + 75 = -5*b, 0*b - i*b = g + 25. Is (-273)/(-5) - 4/b a prime number?
False
Let g = -14 - -16. Is (568/16)/(1/g) a composite number?
False
Let w be (-52)/(-14) + 16/56. Suppose -2*h + 2*o + 112 = 0, -111 - 107 = -w*h + 2*o. Is h composite?
False
Let c be (6*(0 - -1))/(-1). Let h(p) = -p**2 - 5*p + 8. Let w be h(c). Suppose -2*z + 133 = 3*a, w*z - z + 4*a - 69 = 0. Is z a composite number?
True
Let f be (-3)/3 - (2 + -7). Suppose 2*x - 18 = f*d, -d = -4*x + 2*x + 27. Is x composite?
True
Let o(l) = 4*l + 3 - 10 + 0*l**2 + 3*l**2 - 2*l**2. Let w(n) = n**3 - 6*n**2 + 3*n + 2. Let u be w(5). Is o(u) a composite number?
True
Let c(x) = 12*x**2 - 7*x + 4. Is c(7) a composite number?
True
Let p(t) = -4*t**2 + t - 11. Let h(d) = 8 + 8 - d + 5*d**2 - 6. Let x(a) = -3*h(a) - 4*p(a). Is x(0) a prime number?
False
Suppose 3*c + 5*w - 1388 - 1204 = 0, -5*c + 4354 = -3*w. Is c a composite number?
True
Suppose 5*v - 14 = 5*x - 3*x, 2*v - x = 5. Suppose v*b + 5*d - 30 = 690, 3*b + 4*d - 539 = 0. Is b prime?
False
Let o = 541 - 1078. Let z = o - -788. Is z composite?
False
Let d = -5 + 3. Let t(f) = 12*f**2 + 2*f - 3. Let q be t(-5). Is (3 + d - 1) + q a composite number?
True
Let n be 69/(-4)*(-11 + -1). Is (n/36)/((-1)/(-28)) a prime number?
False
Let p = -8 - -6. Let f = 41 + p. Is f prime?
False
Let v(m) = -14*m**3 + 3*m**2 - m + 3. Let s(f) = 13*f**3 - 4*f**2 + 2*f - 4. Let d(y) = -2*s(y) - 3*v(y). Let q be d(-2). Is -1*3/(3/q) prime?
True
Suppose 4*u - 3*t - 1688 = 0, -2*t = t + 12. Is u a prime number?
True
Let b(t) = -3*t - 53. Let d(f) = -8*f - 159. Let u(s) = 11*b(s) - 4*d(s). Is u(0) prime?
True
Is 1/20*5*6172 prime?
True
Let o(i) = -33*i. Let j(c) = c - 1. Let n(l) = j(l) + o(l). Let q = -5 + 4. Is n(q) a composite number?
False
Let p(h) = -27*h + 4. Suppose 0 = -3*g + 7*g + 36. Is p(g) composite?
True
Suppose -3*v = -14 - 4. Let f be (-9)/v*(-14)/3. Suppose p + 2*g = f*g + 40, 3*p - 190 = g. Is p prime?
False
Suppose -q = -5*q + 56. Is q a composite number?
True
Let r be 0/(-3*(-1 - -2)). Suppose r*m + 323 = m. Is m a prime number?
False
Suppose 712 = 3*i + 5*s, -10*s = i - 12*s - 241. Is i a composite number?
False
Let m(k) = -4*k**3 - 5*k**2 + 22*k - 4. Is m(-9) composite?
False
Suppose 16*x - 64112 = -0*x. Is x a composite number?
False
Suppose -5*k - 2*o + 20 = 0, -3*k + o + 0*o = -12. Suppose c - k = -c. Is (-274)/(-8) + c/(-8) composite?
True
Let k be 4*(12/(-4))/(-3). Suppose -4*r - 16 = 0, -k*r + r = -2*q + 458. Is q prime?
True
Let y be (0 + -8)*(-3)/6. Let l = -6 + y. Is l/9 - (-670)/18 a prime number?
True
Let q(u) = -u**2 - 8*u + 9. Let v be q(-9). Suppose v = -4*h - d + 76, 2*d - d + 19 = h. Is h a composite number?
False
Let m(v) = -v**2 + 4*v - 10. Let y be m(4). Is (5/y)/(1/(-218)) prime?
True
Let n(f) = -f**3 - 8*f**2 - 15*f + 7. Is n(-8) a prime number?
True
Let i be 2 - (-1 - -2) - -116. Suppose -i - 58 = -5*w. Suppose 18 + w = k. Is k prime?
True
Suppose 4*o - 120 = -0*o. Suppose 3*j = i - 20, -4*i - o = -7*i - j. Is i prime?
True
Suppose 17 = 5*j - 43. Let l = 45 - j. Is l a composite number?
True
Suppose 2*y = 7*y + 3*v + 17, 0 = -4*y + 2*v + 4. Is (-47)/(-4)*(3 - y) composite?
False
Let w(u) = -u**3 + 6*u**2 - 6*u + 6. Let m be w(6). Suppose -32 - 8 = -10*s. Is 1/s + m/(-8) composite?
True
Let y be (-2)/(-11) - 15912/33. Let r = y + 732. Suppose 58 + r = 4*l. Is l a composite number?
True
Let d be 26/7 - 4/(-14). Suppose 19 = -3*l + d. Is 3/5 - 712/l composite?
True
Let q(j) = 28*j - 3. Let r(x) = -28*x + 3. Let f(n) = 6*q(n) + 7*r(n). Suppose -6*w + 28 = -13*w. Is f(w) composite?
True
Is ((-4)/3)/(52/(-68601)) prime?
True
Let n = 1446 - 635. Is n a composite number?
False
Suppose -3 = p - 5*r, -2*p - 9 = p + r. Is 237/9 - p/(-9) a prime number?
False
Suppose 4*n + 5*w - 5841 = 0, 0*n - 5*w - 4337 = -3*n. Is n composite?
True
Suppose -5*l - 5 = 0, 2*g + 0*g - 2*l = -100. Let y = 90 + g. Suppose -y = -p - 4*p - 2*a, -4*a - 27 = -5*p. Is p a prime number?
True
Suppose 0*p - p = -3. Let w(v) = -v**3 - 5*v**2 + 6*v - 7. Let i be w(-7). Suppose p*b + 4 = i. Is b a prime number?
False
Suppose 0 = 3*d - 6*s + 2*s + 32, d + 13 = -s. Is 3/d*-2*1018 composite?
False
Let r(l) = -5 - 3 + 2 - 6*l + 1. Is r(-7) a prime number?
True
Let s be (-4)/(-2) - (-3 + 3). Suppose -s*n = -3*x - n + 60, x - 36 = -5*n. Is x a prime number?
False
Let d(h) = h**3 - 9*h**2 + 2. Let s be 94/10 - 4/10. Let p be d(s). Is p + -4 + (-9)/(-1) composite?
False
Let a = 0 + -16. Let b = -3 - a. Is b a composite number?
False
Is 2 + 31022/6 - 30/(-45) a composite number?
True
Suppose -5*v = 4*o - 1085, -3*v + 2*o + 1136 - 463 = 0. Let i = -142 + v. Is i a prime number?
True
Let a(o) = -19*o - o + 5*o - 16. Is a(-7) prime?
True
Let r(z) = z**3 + 3*z**2 - 4*z. Let q be r(-4). Let p(g) = 6*g - 1 + q - 1 - 2*g. Is p(7) a composite number?
True
Let m be 325/45 + 4/(-18). Suppose -124 = -m*l + 3*l. Is l a prime number?
True
Let b = 1 - 5. Let a(t) = -t + 2. Let w be a(b). Suppose -w*q = -3*q - 93. Is q a composite number?
False
Let o = 3 - 7. Let s be (-6)/o*(-8)/(-6). Suppose 3*c = -s*y + 173, -2*y - 3*y + 410 = 3*c. Is y prime?
True
Let d(x) = -x**3 - x + 189. Suppose 0*g = -2*g. Let l be d(g). Let c = -130 + l. Is c composite?
False
Suppose -7600 = -4*z + 4*j, -813 = -z + 5*j + 1107. Is z a composite number?
True
Let h(m) = -m**2 - 5*m - 7. Suppose -2*k = -0*k + 16. Let s be h(k). Let q = 78 - s. Is q composite?
False
Suppose 5*q = 5*k + 1470, -2*q = -4*q + 5*k + 585. Suppose -r + 5*o + 19 + 14 = 0, -q = -5*r - o. Is r composite?
True
Suppose 0 = 25*p - 24*p - 111. Is p a composite number?
True
Let y = -979 + 484. Let r = y - -868. Is r composite?
False
Suppose 5*u + 7 = 2*n + 1, -4*n + 12 = 5*u. Suppose 5*p - 32 = -n*f, -2*f + f = -2*p + 4. Is p prime?
False
Suppose -11*j + 55326 + 73979 = 0. Is j a prime number?
False
Suppose 2*d - 24 - 4 = -k, 0 = d - 2*k - 4. Is d/8*206/3 a prime number?
True
Let h = 10 - 7. Suppose w + 4*j + 1 = 0, 5 = h*j + 2. Let f(k) = -k + 2. Is f(w) composite?
False
Let w(c) = -c**3 + 5*c**2 + 6*c + 5. Let j(v) be the second derivative of -v**5/20 + v**3/6 + 5*v**2/2 - 2*v. Let u be j(0). Is w(u) a prime number?
False
Suppose 2*k = 6*k - 12. Let r = k - 2. Is (r + 21)*(-10)/(-4) prime?
False
Let r(p) = p - 2. Let q be r(6). Suppose 0*v + s + 337 = q*v, 3*v - 240 = 5*s. Is v composite?
True
Suppose 85 - 5 = -4*a. Suppose -174 = -4*p + 3*y, 0 = -3*p + 2*y + 130. Let k = a + p. I